 0 = h + q*h - 12, h - 768 = -2*z. Is z composite?
True
Is (-4 - 1) + 1/(4/3708) prime?
False
Is 10/25 - (3 + 18640/(-25)) a composite number?
False
Let u = -64 - -46. Let b be (214/4 - 2)*u. Let y = -613 - b. Is y composite?
True
Let g = -1351 + 16196. Is g a prime number?
False
Suppose 7*n = 2*n - 3*o - 127, 5*o = n + 3. Is (n - -24)/((-1)/(-527)) a composite number?
True
Let l = 7 + 11. Let m be ((-1740)/l)/(2/(-42)). Is 6/27 - m/(-18) composite?
False
Let a(q) = 10*q**3 - 99*q**2 + 15*q + 40. Let j(w) = 3*w**3 - 33*w**2 + 5*w + 13. Let u(b) = 2*a(b) - 7*j(b). Is u(14) prime?
True
Let v be 1/((24/20)/6). Suppose 0*a = v*a - 395. Is a a prime number?
True
Let l be 86/10 - 12/(-30). Let f(n) = -n**3 + 11*n**2 - 9*n + 8. Is f(l) prime?
True
Let l be 52*((-6)/(-3))/(8/4). Let c = 83 - l. Is c prime?
True
Let x(i) = i**3 - 6*i**2 + 5*i + 8. Let d be x(5). Is (0 - -1571) + -5 + d a composite number?
True
Let l(x) = 44*x**2 - 47*x + 32. Is l(-15) a prime number?
False
Let k = 661 + -85. Suppose -2*d = 4*y - k, -5*y + 454 = -3*d - 277. Is y a composite number?
True
Let s(b) = -161*b**3 + 8*b**2 - 6*b + 3. Let y be s(5). Let d = -14173 - y. Is d composite?
False
Let w = -2140 - -8801. Is w a prime number?
True
Let u be 2 + 5923/2 + 12/24. Suppose -4*d - u = -4*a - 2*d, d = -4*a + 2976. Is a a prime number?
True
Let l = -27 + 29. Suppose -l*a + 5*v = -33 - 30, -5*a = 5*v - 210. Is 11421/a - 14/(-91) a prime number?
True
Let o(f) = 204*f**2 + 227. Is o(-17) a prime number?
True
Suppose 5*a - 48429 = 14*a. Let u = a + 7876. Is u composite?
True
Suppose -8*r - 3*y - 94810 = -13*r, 0 = 2*r - 2*y - 37928. Is r prime?
True
Let f(v) = 70*v**2 + 20*v - 55. Is f(3) a composite number?
True
Suppose -267 = -g + 4*o, -5*g + g + 1094 = -3*o. Suppose -g = -5*a - 2*y, -4*a + 4*y = a - 305. Suppose a = 2*i - 13. Is i composite?
True
Let f(u) = u**3 - 6*u**2 + 4*u + 7. Let i be f(5). Suppose 0 = -i*n - 3*n + 4335. Is 2/4 - n/(-6) a prime number?
False
Suppose -4*x = -3*v - 7023, -3*v - 2811 = -x + 4221. Let n = 3508 + v. Is n prime?
True
Let f be ((-8)/(-16))/((-2)/(-60)). Is (3004/(-8))/(-3 - f/(-6)) prime?
True
Suppose -4*w + 4*d = w - 5751, 4*w - 4603 = d. Suppose -20*c = -19*c - w. Is c a prime number?
True
Let z = 1453 - 806. Is z a prime number?
True
Suppose 0 = -19*f + 5*f + 10570. Is f prime?
False
Let s(h) = 5560*h + 53. Is s(3) prime?
False
Suppose -2*h + 2*i = -18, -4*h + 5*i + 41 - 2 = 0. Suppose 4*b = h*b + 42. Is (-8)/28 + (-14601)/b a composite number?
True
Let r = -62 - -90. Is 4 - (-936)/r - (-6)/(-14) composite?
False
Let q(j) be the second derivative of -j**5/20 - j**4/6 + j**3/2 + 3*j**2/2 - 8*j. Let p be q(-3). Suppose -120 = -p*z + 135. Is z composite?
True
Is ((-10)/(-8))/((-29)/(-1508)) a prime number?
False
Let g = 90 - 86. Suppose -g*i = -8633 - 4195. Is i a prime number?
False
Let f(c) = -4*c - 8. Let s be f(-3). Suppose -5*n + 2702 = v, -8*n + 3*n + 2717 = -s*v. Is n prime?
True
Suppose -21 = r - 24. Let l be 0 + 0 - 10/(-2). Suppose 2*z - r*a = l*z - 36, 3*z - 30 = -a. Is z composite?
True
Suppose 2*g - 1010 = -4*k - 0*g, 5*k - g - 1273 = 0. Let p(d) = 7*d**3 - d**2. Let i be p(-1). Is k/i*(-1 - 3) composite?
False
Let f = 8 - 6. Suppose -2*a + 5*m + 32 = m, 10 = -f*m. Suppose 0 = -a*w + w + 95. Is w prime?
True
Let n be 3 - 0 - (-33)/3. Suppose 0 = n*u - 11*u - 2256. Suppose 2*d + 5*m - u = 0, 3*m = -5*d - 2*m + 1865. Is d composite?
True
Let g = -239 + 629. Let k = 809 - g. Is k composite?
False
Let h(l) = 3877*l**3 - 6*l**2 + 2*l + 8. Is h(3) composite?
False
Suppose 8*k + 22 = -b + 3*k, 2*b + 4*k = -14. Suppose -2140 = -5*v - 4*c, -4*c - 1427 + 143 = -b*v. Let n = 633 - v. Is n a composite number?
True
Suppose -511 = 5*r + 2*r. Let w = r + 552. Is w prime?
True
Let u = -4554 + 18835. Is u prime?
True
Let b(i) = -5*i**2 - 1 - 437*i + 434*i - 514*i**3 + 4*i**2. Is b(-1) a prime number?
False
Let p(d) = d**3 - 12*d**2 - 13*d + 14. Let j be p(13). Let g = 17 - j. Suppose 6*u = 2*r + u - 78, 5*r - g*u - 176 = 0. Is r composite?
True
Suppose 0 = 2*c, 3*s - 2*s - 4*c = 10. Suppose -13*k = -s*k - 33. Is k prime?
True
Let u = 2577 - -7042. Is u a prime number?
True
Suppose 3*c = -g + 7, 3*c + c = g + 7. Suppose -4*n = s + 12, -5*n = -7*s + c*s + 40. Let r(j) = 19*j**3 - 2*j + 5. Is r(s) a prime number?
True
Suppose -2*h = -4*g + 169 - 5163, -12506 = -5*h + 3*g. Is h a prime number?
True
Suppose n + 2*f - 2551 - 4848 = 0, -4*n + 4*f = -29620. Is n composite?
True
Let h = 693 - 429. Suppose -g + h = -415. Is g prime?
False
Let t(s) = -s**3 - 5*s**2 + 5*s + 7. Let u be t(-5). Let h be u/(-12) + (-7)/(-2). Let g(k) = 4*k**3 - 8*k**2 + 7*k - 8. Is g(h) composite?
True
Suppose -4*q = -7*q + 2574. Suppose 2*d - 532 = 2*i, -36 = 3*d + 5*i - q. Is d a composite number?
False
Let l(q) = -1808*q + 15. Is l(-8) a composite number?
False
Suppose 9*n + 33664 = 10*n. Let a = 48285 - n. Is a composite?
False
Let l = -8624 - -12899. Suppose 8*k - l + 283 = 0. Is k prime?
True
Suppose 0 = 3*c + 15, 2*y - 108 = -4*c + 2758. Let w be 2/6*6/1. Suppose -k = w*k - y. Is k a composite number?
True
Let c be (-2)/10 - (-7)/(210/(-249684)). Let k = -4612 - c. Is k prime?
False
Let n(h) = -18*h - 12 - 119*h + 12*h. Let x be n(-5). Suppose -3*z + x = -4*s, 706 = 5*z - 4*s - 305. Is z prime?
True
Let r(b) = -b - 8. Let q be r(14). Let d = 22 + q. Suppose -5*n + 705 = -d*n. Is n prime?
False
Suppose 0 = 2*l - 2*y - 721 - 9703, -5*y - 10421 = -2*l. Is l a prime number?
False
Let d(x) = -x + 12. Let y = -1 + 4. Suppose 3*p - 3*a + 25 = -2*a, y*p - 4*a = -10. Is d(p) a composite number?
True
Suppose 84*z + u = 89*z - 186367, 6 = -3*u. Is z a composite number?
False
Let g be (-1)/(-10)*5 - 34/(-4). Suppose g*y - 941 = 8*y. Is y prime?
True
Suppose 2*a - 2*d = -2732, 4*a + d + 5446 = -4*d. Suppose -2*y + 623 = 2105. Let t = y - a. Is t composite?
True
Suppose 4*d = -0*d + 636. Suppose -5*r = -4*r - d. Is r prime?
False
Suppose -41*p = -29*p - 61260. Is p composite?
True
Suppose 5*f - 12434 = 6471. Is f composite?
True
Is 7 - (-12864)/((-16)/(-4)) a prime number?
False
Let a(d) = d**3 + 24*d - 85. Is a(42) a prime number?
True
Suppose m - 5 = 5. Suppose -b = 3*b + 5*h - 1341, -m = -2*h. Is b a prime number?
False
Suppose 3*a = a. Is (1 + 2 - a) + (-1 - -884) a composite number?
True
Suppose -3*j + 2*w + 14 = 4, 0 = -4*j - 4*w + 20. Let t be j/2 + 129/3. Suppose -3*d = -48 - t. Is d a prime number?
True
Suppose -5*w - 11382 = w. Let n = 1136 + w. Let i = n - -1230. Is i a composite number?
True
Let h(t) = -t**2 + 4*t. Let w be h(4). Let a(j) = 5 + w + 4*j - 8*j. Is a(-12) composite?
False
Let y be (-228)/(-8) + 3/(-2). Suppose -4*g + y = -145. Is g a composite number?
False
Suppose 0 = 10*m - 50 - 0. Suppose h - 1706 = t, m*t = -4*h + 3*t + 6842. Is h composite?
False
Let m(h) = 454*h**2 - 10*h - 23. Is m(-6) composite?
False
Let k(x) = -x**2 - 11*x + 5. Let g be k(-9). Suppose -18*i - 6725 = -g*i. Is i a prime number?
False
Let i(h) = 357*h**2 - 5*h + 7. Let j be i(3). Is 9/(-6) - j/(-10) a prime number?
False
Suppose -72*o + 43*o = -325177. Is o prime?
True
Let k be 2/6 + 156/(-36). Let b(i) be the first derivative of 31*i**3/3 + 2*i**2 + 7*i + 3. Is b(k) a prime number?
True
Suppose 17 = 4*s + 1. Let n(j) = -j**3 + 4*j**2 + 3*j - 5. Is n(s) prime?
True
Suppose 237*k = 223*k + 109690. Is k a composite number?
True
Suppose 5*i - 2724 - 32941 = 0. Is i a composite number?
True
Let q = 25 - 23. Suppose f - 432 = -a, -6*f + 879 = q*a - f. Suppose 6*k - 263 = a. Is k a composite number?
True
Suppose -1810 = 3*k - 4*k. Let w = 2729 - k. Is w composite?
False
Suppose -13*q = -16*q. Suppose 5*k = -q*k + 1535. Is k a composite number?
False
Let g be (-22)/33 + (-4)/(-6). Suppose g = -4*r - 8, -r - 414 = d - 3*d. Suppose 4*n = -2*k + 230, d = k - 4*n + 79. Is k a composite number?
True
Suppose -5*u = 2*g - 6, -5*u + 3*g - g = -14. Is (1/u)/(1/1402) composite?
False
Let g(n) = -149*n - 54. Is g(-5) composite?
False
Suppose -68698 = 2*f - 7*f + s, -f - 2*s = -13733. Is f a composite number?
True
Suppose b + 26 = -3*d, b + 2*b + 63 = -4*d. Let r(k) = -k**3 - 15*k**2 + 24*k - 13. Is r(b) composite?
False
Suppose i + 3*n - 422 - 372 = 0, -4*n = 2*i - 1582. Is i composite?
True
Let f = -15